t the prime factors of b.
5, 103
Let f(z) = 65*z + 7. Let j be f(-2). Let a = j + 88. Let b = a + 82. What are the prime factors of b?
47
Let i = 23 - 29. What are the prime factors of -33*(40/(-6) + i)?
2, 11, 19
Let y(s) = 3*s - 6. Let i(n) = -22*n + 4. Let r be i(-3). Let w be 1000/r + (-2)/7. List the prime factors of y(w).
2, 3
Let j(g) = -g**2 - 11*g + 10. Let i be j(-12). Let f be (-10)/((-48)/(-26) + i) - 1. Let a = f + 17. List the prime factors of a.
3
Suppose 156855 = 21*g - 18*g + 2*q, -5*g - q + 261418 = 0. List the prime factors of g.
7, 11, 97
Let r = -6937 - -31011. What are the prime factors of r?
2, 12037
Let p(b) = 13*b - 18. Let o be p(6). Suppose -3*j + 8*j + o = 0. List the prime factors of (j/(-8))/(9/510).
5, 17
Let h = 39622 + -13848. List the prime factors of h.
2, 7, 263
Suppose 2424653 = 90*o - 440120 + 753823. What are the prime factors of o?
5, 4691
What are the prime factors of 3*(1 - 5)/20*-13240?
2, 3, 331
Suppose m + 197 = -2*l + 1888, -5*l = -4*m - 4195. Let u = l - 381. List the prime factors of u.
2, 3, 7, 11
Suppose -276*t = -3*s - 272*t + 12285, -2*t = 3*s - 12231. What are the prime factors of s?
3, 1361
Let s = 16 - 1. Let y(u) = u - 1. Let m be y(s). Suppose -8*t = -m*t + 84. What are the prime factors of t?
2, 7
Suppose 41*z + 3 = 42*z. Let j(r) = r**2 + r + 1. Let y(k) = -2*k**3 - 3*k**2 - 2*k. Let n(w) = -4*j(w) - y(w). List the prime factors of n(z).
5, 7
Let q = -120 + 520. Suppose 2*r - q = -2*b, -r + 3*b - 2*b = -206. List the prime factors of r.
7, 29
Suppose -2 + 4 = 2*g. Let n be g + (-2)/(-5) + (-14)/10. Suppose -25 - 21 = -f + 4*d, 4*f - 4*d - 196 = n. What are the prime factors of f?
2, 5
Let f = 4813 + 2377. List the prime factors of f.
2, 5, 719
Suppose -49*q - 125090 = -84*q. List the prime factors of q.
2, 1787
Let u(g) = g**2 + 7*g - 5. Let x be u(2). Let d = x + 8. Let s = 35 + d. List the prime factors of s.
2, 7
Let p(l) = -84 + 34 + 8*l + 38 + 2*l**2. Let t be p(-10). List the prime factors of 3/5 - t/(-45).
3
Let q(n) = -n**2 + 7*n + 10. Let h be q(8). Let t(a) = 3*a**2 + 3*a**h - 8*a**2 + 16*a - 8. List the prime factors of t(6).
2
What are the prime factors of ((-553055)/159)/(2/(-6))?
5, 2087
Let l be (-3)/(-99)*159 - (-4)/22. Suppose -5*m = 4*s - m, 4*m = -l*s + 5. What are the prime factors of 10/s*(-261)/(-6)*1?
3, 29
List the prime factors of (9507/(-3))/((-1)/(3 + -2)).
3169
Let a(k) = -6*k**2 - 6*k + 13. Let b be a(-6). Let t = -91 - b. Let u = 133 - t. List the prime factors of u.
3, 19
Suppose 12251 = 3*f + 5*s, 4*s = -4*f + 5*f - 4112. Suppose -8*l + 3172 = -f. What are the prime factors of l?
2, 227
Suppose -115*m = -110*m - 15. Suppose m*v - c = -20, -3*c - 23 = 4*v - 8*c. Let k(s) = 2*s**2 + 8*s - 13. List the prime factors of k(v).
29
Let d = 11152 - -22660. List the prime factors of d.
2, 79, 107
List the prime factors of ((-926)/(-3))/((-4)/2)*(5174 + -5495).
107, 463
Let y(q) be the second derivative of -97*q**3/6 - 6*q**2 - 24*q - 2. List the prime factors of y(-3).
3, 31
What are the prime factors of (14 + (-21 - -23))/(4/4738)?
2, 23, 103
List the prime factors of (16*1)/(103/44290).
2, 5, 43
Suppose -3*f + 67 = -5*a, 0*f + 38 = 2*f - 2*a. Suppose 2*z - f = -8. Suppose z*c - 79 = p + 105, p = c - 64. What are the prime factors of c?
2, 3, 5
Let v(x) = x - 1. Let a(k) = k**2 + 28*k + 12. Let c(y) = -a(y) + 5*v(y). Let z be 2/4*0 + -13. List the prime factors of c(z).
113
Suppose 3*x = -117 - 789. Let q = x + 26. Let u = -147 - q. What are the prime factors of u?
3, 43
Let b = 24 - 18. Suppose 0 = -o - 4*j + 355, 0 = -3*o + b*o + 5*j - 1065. What are the prime factors of o?
5, 71
Let a(l) = -13*l**2 + 3*l + 2. Suppose -4*b = 2 + 2. Let n(o) = -o**2 - 1. Let t(k) = b*a(k) - 5*n(k). List the prime factors of t(2).
3, 23
Let s = 57032 - 35258. List the prime factors of s.
2, 3, 19, 191
Let j = 43467 + -22956. List the prime factors of j.
3, 43, 53
Suppose -7*u - u + 4*u = 0. Suppose u*d = d + 3*k - 608, -4*d + 4*k + 2432 = 0. What are the prime factors of d?
2, 19
Let q(o) = -1054*o + 12. Let d be q(-2). Suppose -d - 2884 = -9*x. What are the prime factors of x?
2, 139
Suppose -a = 4*i - 68, 0*a + 3*a - 174 = -2*i. Suppose -3*u = -2*h + 81, 3*h + 4*u - 149 = 3*u. Suppose q - a = h. List the prime factors of q.
2, 13
Let j be (4/(-6))/((-2)/(-96)). Suppose 0 = 3*n + 47*n + 3430 - 7330. Let i = j + n. What are the prime factors of i?
2, 23
Let s(c) = 6*c + 6*c - 5*c**2 - 13*c - 5. Let n be s(7). Let b = -173 - n. What are the prime factors of b?
2, 3, 7
Suppose 0 = 4*a - 7*a - x - 328, 2*a = -x - 218. Let s = a + 183. What are the prime factors of s?
73
Suppose 52*f - 40 = 57*f. Let h = -43 + f. Let m = h - -123. List the prime factors of m.
2, 3
Suppose -7*y = -8*y + 125. Let x = y - 122. What are the prime factors of (70/20)/(x/132)?
2, 7, 11
Let b(g) = 2*g**2 - 11*g + 19. Let t be b(2). Suppose -t*m - 429 = -4*o, -2*m + 165 = 2*o - 63. List the prime factors of o.
3, 37
Let b(z) = 20 + 20 + 3*z**2 - 38 + 7*z. Let o be b(2). Suppose -26*c = -o*c + 324. What are the prime factors of c?
2, 3
Let s(k) = 4*k - 16. Let p(l) = -5 - 12 + 24 - 10. Let g(q) = 12*p(q) - 3*s(q). What are the prime factors of g(-4)?
2, 3, 5
Let j(s) = 36*s**2 - 58*s + 84. List the prime factors of j(-14).
2, 7, 71
Suppose 3821 = 9*g + 1238. Suppose -g = -4*c + 541. Suppose -4*t + c = -3*n + 20, 3*t - 149 = 4*n. What are the prime factors of t?
43
Suppose s = 4 - 4. Suppose 4*w - 1997 = -k, -4*w + 1994 = 2*k - s*k. Suppose x - w = -8*c + 4*c, 5*x + 476 = 4*c. List the prime factors of c.
2, 31
Let s be (318/4)/(2/(-4)). Let t(c) = -30*c**2 + c + 9. Let o be t(-2). Let i = o - s. What are the prime factors of i?
2, 23
Suppose 0 = -57*z + 103*z - 53*z + 104293. What are the prime factors of z?
47, 317
Suppose 10*b - 3 - 27 = 0. Let c be (-1978)/(-8) - (b/4)/(-1). Let s = 476 - c. What are the prime factors of s?
2, 3, 19
List the prime factors of -18 + 28 + -18 + (-3 - -55).
2, 11
Let w(u) = 2*u**2 + 5*u + 9. Let d be w(-3). Suppose -75 = 15*n - d*n. Let y = -8 - n. What are the prime factors of y?
17
Suppose -7*l = -a - 16*l + 4146, -a - 3*l = -4182. List the prime factors of a.
2, 3, 5, 7
Let m = 1428 + 3091. Suppose m + 5297 = 12*w. List the prime factors of w.
2, 409
Suppose -5*h + 3*q = -4*h - 30, -2*h + 4*q = -56. Suppose -h*d - 2*r - 952 = -25*d, 4715 = 5*d + 5*r. List the prime factors of d.
2, 11, 43
Let p(g) = 17076*g**2 + 3*g + 7. List the prime factors of p(-1).
2, 5, 7, 61
Let y = -29 + 21. Let p be 5/(-2)*y/(-10)*10. Let m = 96 + p. What are the prime factors of m?
2, 19
Let f(c) be the second derivative of 0 + 5/6*c**4 + 22*c - 1/20*c**5 - c**3 + 7/2*c**2. What are the prime factors of f(9)?
2, 17
Let c = 5 - -2. Suppose -24 = -c*y + 4*y. Suppose y + 11 = d. List the prime factors of d.
19
Let x(h) = 4555*h + 4345. What are the prime factors of x(17)?
2, 3, 5, 29, 47
Let y(z) = z**3 + 7*z**2 + 6*z + 2. Let x be y(-6). Suppose -c + 5*c = l + 11, -c - x*l = 4. Suppose 207 = c*d - 65. What are the prime factors of d?
2, 17
Let k(r) = -r**2 + 13*r + 117. Let g be k(-6). Let l(j) = 4*j**3 + 5 - j - 3*j**2 - 2*j + 0. What are the prime factors of l(g)?
7, 11
Let j = 60964 - 3104. List the prime factors of j.
2, 5, 11, 263
Suppose -24*s - 4*l = -26*s + 48542, s + 6*l = 24255. What are the prime factors of s?
3, 8089
Let m(g) = -10*g - 12. Let u be m(-5). Suppose -4*t - 2*y + 106 = 0, -2*t - 4*y + u + 30 = 0. Suppose 28*b = t*b + 8. What are the prime factors of b?
2
Let n(m) = 3148*m**2 - 30*m + 220. List the prime factors of n(4).
2, 11, 31, 37
Suppose -20*k + 25*k = 0. Suppose k = 4*m - 4*w - 6160, -4*m + 0*w = 3*w - 6139. What are the prime factors of m?
29, 53
Suppose -r = -5*j - 96, 3*r - 363 = -r - j. Suppose r = -7*v - 0*v. Let h = v - -52. List the prime factors of h.
3, 13
Suppose 1692288 = 282*w - 210*w. List the prime factors of w.
2, 13, 113
Let h = 106 - 102. Suppose f = -2*p + 15 + 111, h*f + 4*p = 512. What are the prime factors of (-4)/(-26) + 17530/f?
3, 5
Let j = 10045 + -2263. What are the prime factors of j?
2, 3, 1297
Suppose 2*v - 4 = 8. Let z be (-386)/v + (-38)/57. Let m = -11 - z. What are the prime factors of m?
2, 3
Let z be (1 - -2)/(((-12)/51)/4). Let n